 composite number?
False
Is 404405227 composite?
True
Is 238141 a prime number?
True
Is 55069451 composite?
True
Is 1135389 a prime number?
False
Is 1783009 composite?
False
Is 1084393559 composite?
True
Is 139229393 a prime number?
True
Is 92603561 a composite number?
True
Is 1838537 a prime number?
False
Is 48636519 prime?
False
Is 7515373 a prime number?
True
Is 3909137 a prime number?
False
Is 638585861 a prime number?
True
Is 21066629 a prime number?
False
Is 529861 a composite number?
True
Is 3374939 a prime number?
False
Is 1148389315 composite?
True
Is 140220901 a composite number?
False
Is 354772315 prime?
False
Is 50414971 composite?
False
Is 25942093 prime?
True
Is 10262093 prime?
True
Is 19591373 a prime number?
True
Is 31337921 a prime number?
True
Is 24002681 prime?
False
Is 85539613 a prime number?
True
Is 63601319 a prime number?
False
Is 122939203 prime?
False
Is 1581451 prime?
False
Is 1183121 a prime number?
True
Is 3354873 composite?
True
Is 5502769 prime?
False
Is 41162486 composite?
True
Is 2730347 a composite number?
False
Is 2219527 prime?
True
Is 1535011 a composite number?
False
Is 9607297 composite?
True
Is 27483509 composite?
True
Is 813301469 a composite number?
True
Is 460134439 composite?
False
Is 3422791 prime?
False
Is 28990849 composite?
False
Is 1054903 a composite number?
False
Is 45114473 prime?
False
Is 1488437 a prime number?
False
Is 1426151 a composite number?
False
Is 511627 prime?
True
Is 43423271 composite?
True
Is 93819979 a composite number?
True
Is 3592991 composite?
True
Is 4411919 a composite number?
True
Is 527221 prime?
False
Is 1848311 prime?
True
Is 232988947 a prime number?
True
Is 2617177 prime?
False
Is 2124319 a prime number?
True
Is 16424957 composite?
False
Is 21508493 composite?
False
Is 102198273 composite?
True
Is 108841067 prime?
True
Is 34383889 composite?
False
Is 4301503 prime?
False
Is 32894 composite?
True
Is 1976353 a prime number?
False
Is 190142759 a prime number?
True
Is 1607164373 a prime number?
True
Is 32970151 prime?
True
Is 125748629 a prime number?
True
Is 30186581 composite?
False
Is 2235351 composite?
True
Is 3724423 composite?
False
Is 3744385 prime?
False
Is 5837501 composite?
False
Is 78659491 a composite number?
False
Is 31443809 a composite number?
False
Is 6493714 composite?
True
Is 176123 prime?
True
Is 2742427 a composite number?
False
Is 315557057 a prime number?
False
Is 32835683 a composite number?
True
Is 582659977 a prime number?
True
Is 19492687 a prime number?
True
Is 55761349 prime?
False
Is 920441 a composite number?
False
Is 1566431 a prime number?
False
Is 3576866 composite?
True
Is 693660551 composite?
False
Is 25993879 prime?
False
Is 17300869 a composite number?
True
Is 71557429 composite?
True
Is 204707 prime?
True
Is 70587047 a composite number?
True
Is 61572503 composite?
False
Is 3657263 a composite number?
True
Is 7395083 a prime number?
False
Is 22090087 a composite number?
False
Is 12450491 composite?
True
Is 5622965 a composite number?
True
Is 761132873 prime?
True
Is 108805037 a composite number?
True
Is 2160647 composite?
True
Is 4428139 prime?
True
Is 82508189 a prime number?
True
Is 36955021 a composite number?
True
Is 7212479 prime?
False
Is 31930487 composite?
False
Is 112296659 prime?
True
Is 5566367 prime?
True
Is 634565689 composite?
False
Is 6277889 a prime number?
True
Is 16715747 a prime number?
False
Is 425851 a prime number?
True
Is 11116549 composite?
False
Is 441328291 a composite number?
True
Is 387179437 a composite number?
True
Is 44088659 composite?
False
Is 27128221 a composite number?
False
Is 185137954 prime?
False
Is 13790911 a composite number?
False
Is 34162643 prime?
False
Is 1961317 composite?
True
Is 1422499 a prime number?
False
Is 169986319 a prime number?
False
Is 38774789 composite?
False
Is 32155883 composite?
False
Is 12301229 a composite number?
False
Is 134138065 composite?
True
Is 6835907 composite?
True
Is 303998669 a composite number?
True
Is 9219701 composite?
False
Is 179821281 a composite number?
True
Is 8858585 a prime number?
False
Is 256588771 a composite number?
False
Is 77310529 composite?
False
Is 31043591 a prime number?
True
Is 19664161 composite?
True
Is 26772981 a prime number?
False
Is 1102001 a prime number?
True
Is 3795829 a composite number?
True
Is 40552901 a prime number?
False
Is 3793457 composite?
False
Is 376316549 composite?
True
Is 16722973 composite?
True
Is 23130973 composite?
True
Is 5064299 a composite number?
True
Is 3945247 prime?
False
Is 9551389 composite?
False
Is 62730331 composite?
False
Is 62842841 prime?
False
Is 17828549 a composite number?
False
Is 78673733 composite?
False
Is 13597349 a composite number?
False
Is 41319959 a composite number?
True
Is 339122237 a prime number?
False
Is 65062477 composite?
False
Is 1781173 a composite number?
False
Is 2825783 a prime number?
True
Is 2093981 a prime number?
True
Is 67107913 a composite number?
False
Is 534531947 a prime number?
True
Is 3241145 composite?
True
Is 4457501 composite?
True
Is 195319 a prime number?
True
Is 76266271 prime?
False
Is 2593499 prime?
False
Is 366287 prime?
True
Is 28465897 composite?
True
Is 763585 a prime number?
False
Is 2760773 prime?
True
Is 2995114 prime?
False
Is 453949 a prime number?
True
Is 18069347 a prime number?
True
Is 85284779 a composite number?
False
Is 8686529 a prime number?
True
Is 690919 composite?
False
Is 15231 composite?
True
Is 4562021 composite?
False
Is 78708797 a composite number?
True
Is 107656487 composite?
True
Is 3049357 prime?
False
Is 195453329 prime?
False
Is 34614223 prime?
False
Is 1556717 a composite number?
False
Is 935175119 a prime number?
True
Is 587903 a composite number?
True
Is 96760633 prime?
False
Is 4775839 prime?
True
Is 945949 a composite number?
False
Is 1487917 composite?
False
Is 285691 a prime number?
False
Is 1386393 composite?
True
Is 9967471 composite?
True
Is 452027659 a prime number?
True
Is 1796941 a prime number?
True
Is 49165463 prime?
False
Is 115531 a composite number?
True
Is 562535 composite?
True
Is 1267381 a composite number?
False
Is 142031 composite?
False
Is 8462554 prime?
False
Is 47830631 a composite number?
True
Is 178050181 a composite number?
False
Is 990203 a composite number?
True
Is 918181549 prime?
True
Is 3976823 a composite number?
True
Is 203343223 composite?
False
Is 8554607 composite?
False
Is 2116501 prime?
True
Is 3604703 a prime number?
True
Is 106523971 a prime number?
False
Is 14635241 a prime number?
True
Is 4206457 prime?
False
Is 4870199 prime?
False
Is 4276381 a composite number?
False
Is 677573 composite?
True
Is 66774391 composite?
False
Is 76205147 a composite number?
False
Is 870689 prime?
False
Is 1751131 a prime number?
True
Is 576200803 composite?
False
Is 3450899 prime?
True
Is 26736647 a prime number?
False
Is 12691769 a composite number?
False
Is 2201369 a composite number?
True
Is 11226583 composite?
True
Is 10660217 a prime number?
True
Is 2733779 prime?
True
Is 17330113 composite?
True
Is 59663 prime?
True
Is 99586919 a prime number?
True
Is 814321 a prime number?
False
Is 1381145 composite?
True
Is 1452716471 prime?
True
Is 4021057 a prime number?
False
Is 1122053 a prime number?
True
Is 55761053 composite?
False
Is 53970751 a prime number?
False
Is 1895161 a prime number?
False
Is 12988207 composite?
False
Is 8779607 a prime number?
True
Is 3959161 prime?
False
Is 293558869 prime?
True
Is 178138487 composite?
False
Is 11500423 composite?
True
Is 16643267 composite?
True
Is 137699 prime?
True
Is 5190403 prime?
True
Is 2047338299 composite?
False
Is 1867303 prime?
True
Is 76886791 composite?
False
Is 17668619 a composite number?
False
Is 1711811 composite?
False
Is 312599 composite?
True
Is 49443731 a composite number?
True
Is 188680631 a composite number?
True
Is 10227473 a composite number?
True
Is 1390885 prime?
False
Is 6638389 prime?
False
Is 21311393 a prime number?
True
Is 31844831 a composite number?
False
Is 249381641 prime?
False
Is 2753221 composite?
False
Is 8450531 composite?
True
Is 1744741 a prime number?
False
Is 24674159 composite?
False
Is 7929997 a composite number?
False
Is 1838315 a prime number?
False
Is 5538793 a composite number?
True
Is 474797 prime?
Fa